rime factors of 91189.
7, 1861
What are the prime factors of 5564289?
3, 1854763
List the prime factors of 27257557.
547, 49831
List the prime factors of 459258.
2, 3, 76543
List the prime factors of 81022.
2, 17, 2383
List the prime factors of 488316.
2, 3, 40693
List the prime factors of 5376.
2, 3, 7
List the prime factors of 38361379.
7, 5480197
List the prime factors of 2379912.
2, 3, 53, 1871
What are the prime factors of 26231635?
5, 1013, 5179
What are the prime factors of 731893?
731893
What are the prime factors of 69478?
2, 34739
List the prime factors of 1222366.
2, 139, 4397
What are the prime factors of 425524?
2, 11, 19, 509
List the prime factors of 157989.
3, 13, 4051
What are the prime factors of 37053063?
3, 4117007
List the prime factors of 15859350.
2, 3, 5, 13, 2711
What are the prime factors of 5305491?
3, 139, 4241
What are the prime factors of 2657057?
13, 313, 653
List the prime factors of 247921.
29, 83, 103
What are the prime factors of 519594?
2, 3, 86599
List the prime factors of 185017.
7, 26431
What are the prime factors of 22480135?
5, 19, 83, 2851
List the prime factors of 24141404.
2, 7, 43, 20051
List the prime factors of 7634159.
13, 41, 14323
List the prime factors of 1655984.
2, 11, 97
List the prime factors of 196890.
2, 3, 5, 6563
What are the prime factors of 580903?
61, 89, 107
What are the prime factors of 7288540?
2, 5, 7, 79, 659
List the prime factors of 34839229.
389, 89561
List the prime factors of 318887.
89, 3583
List the prime factors of 17349716.
2, 4337429
List the prime factors of 19909087.
11, 1809917
List the prime factors of 1279722.
2, 3, 213287
What are the prime factors of 430675?
5, 7, 23, 107
List the prime factors of 2959630.
2, 5, 19, 37, 421
List the prime factors of 5216946.
2, 3, 7, 124213
What are the prime factors of 75336?
2, 3, 43, 73
List the prime factors of 3133642.
2, 1566821
List the prime factors of 24143316.
2, 3, 67, 30029
List the prime factors of 75036.
2, 3, 13, 37
What are the prime factors of 5228701?
419, 12479
List the prime factors of 271311.
3, 90437
List the prime factors of 434629.
13, 67, 499
List the prime factors of 4490253.
3, 71, 7027
What are the prime factors of 2365613?
2365613
What are the prime factors of 588693?
3, 7, 17, 97
List the prime factors of 4304587.
7, 17, 61, 593
What are the prime factors of 119414?
2, 59707
What are the prime factors of 2246969?
2246969
List the prime factors of 1462364.
2, 365591
What are the prime factors of 38142?
2, 3, 13, 163
List the prime factors of 413409.
3, 137803
List the prime factors of 378471.
3, 17, 41, 181
List the prime factors of 176634.
2, 3, 3271
What are the prime factors of 549632?
2, 19, 113
List the prime factors of 1349907.
3, 13, 34613
What are the prime factors of 260442?
2, 3, 7, 13, 53
List the prime factors of 443622.
2, 3, 107, 691
List the prime factors of 18876.
2, 3, 11, 13
List the prime factors of 13838738.
2, 107, 64667
What are the prime factors of 1085464?
2, 241, 563
What are the prime factors of 741788?
2, 53, 3499
List the prime factors of 729107.
127, 5741
List the prime factors of 8494481.
233, 36457
What are the prime factors of 18853?
17, 1109
List the prime factors of 1341469.
1341469
What are the prime factors of 1384236?
2, 3, 7, 1831
List the prime factors of 4967995.
5, 17, 211, 277
List the prime factors of 682679.
682679
What are the prime factors of 1452678?
2, 3, 197, 1229
What are the prime factors of 21974897?
7, 17, 47, 3929
What are the prime factors of 4256076?
2, 3, 11, 19, 1697
List the prime factors of 118494.
2, 3, 29, 227
What are the prime factors of 5150924?
2, 1287731
List the prime factors of 1503272.
2, 187909
List the prime factors of 729853.
503, 1451
What are the prime factors of 739888?
2, 131, 353
What are the prime factors of 34511?
34511
What are the prime factors of 4866789?
3, 1622263
List the prime factors of 9877463.
9877463
List the prime factors of 326271.
3, 11, 9887
List the prime factors of 117948.
2, 3, 9829
What are the prime factors of 1426766?
2, 11, 64853
List the prime factors of 8281390.
2, 5, 13, 63703
List the prime factors of 153565.
5, 30713
List the prime factors of 108368.
2, 13, 521
What are the prime factors of 224403?
3, 131, 571
What are the prime factors of 12846879?
3, 1427431
List the prime factors of 15463549.
19, 813871
What are the prime factors of 5343077?
1931, 2767
List the prime factors of 371993.
41, 43, 211
What are the prime factors of 6579402?
2, 3, 211, 5197
What are the prime factors of 335703?
3, 317, 353
What are the prime factors of 7040576?
2, 23, 4783
List the prime factors of 5461968.
2, 3, 19, 53, 113
What are the prime factors of 10344?
2, 3, 431
What are the prime factors of 5944431?
3, 1981477
List the prime factors of 229922.
2, 7, 11, 1493
What are the prime factors of 239921?
11, 17, 1283
What are the prime factors of 1671747?
3, 7, 11, 7237
List the prime factors of 7562792.
2, 945349
What are the prime factors of 548588?
2, 137147
What are the prime factors of 231122?
2, 115561
List the prime factors of 274541.
293, 937
What are the prime factors of 15255328?
2, 11, 19, 2281
What are the prime factors of 1812335?
5, 7, 53, 977
What are the prime factors of 113849?
17, 37, 181
List the prime factors of 687864.
2, 3, 28661
What are the prime factors of 7842569?
7, 53, 21139
What are the prime factors of 2423571?
3, 17, 47521
What are the prime factors of 97908?
2, 3, 41, 199
What are the prime factors of 162138?
2, 3, 61, 443
List the prime factors of 2001752.
2, 59, 4241
List the prime factors of 434041.
241, 1801
What are the prime factors of 1595735?
5, 319147
List the prime factors of 518032.
2, 32377
List the prime factors of 1033720.
2, 5, 43, 601
What are the prime factors of 306066?
2, 3, 29, 1759
What are the prime factors of 61504?
2, 31
List the prime factors of 3259160.
2, 5, 59, 1381
List the prime factors of 8075136.
2, 3, 17, 1237
List the prime factors of 568660.
2, 5, 28433
What are the prime factors of 10797360?
2, 3, 5, 7, 6427
List the prime factors of 447732.
2, 3, 12437
List the prime factors of 309382.
2, 154691
What are the prime factors of 405719?
405719
List the prime factors of 3417026.
2, 1708513
What are the prime factors of 438147?
3, 89, 547
What are the prime factors of 11099056?
2, 693691
What are the prime factors of 30030456?
2, 3, 23, 54403
What are the prime factors of 1813063?
7, 259009
What are the prime factors of 308195?
5, 53, 1163
What are the prime factors of 1639364?
2, 409841
What are the prime factors of 257028?
2, 3, 21419
What are the prime factors of 713910?
2, 3, 5, 53, 449
What are the prime factors of 13554252?
2, 3, 29, 12983
List the prime factors of 2867976.
2, 3, 61, 653
List the prime factors of 584372.
2, 146093
List the prime factors of 810580.
2, 5, 40529
List the prime factors of 1536554.
2, 103, 7459
What are the prime factors of 493018?
2, 246509
List the prime factors of 176716.
2, 44179
List the prime factors of 251102.
2, 125551
What are the prime factors of 12955129?
11, 1177739
What are the prime factors of 442107?
3, 49123
List the prime factors of 534178.
2, 89, 3001
What are the prime factors of 383479?
23, 16673
List the prime factors of 21933845.
5, 4386769
List the prime factors of 12587506.
2, 6293753
What are the prime factors of 574929?
3, 127, 503
List the prime factors of 8744878.
2, 293, 14923
List the prime factors of 2425380.
2, 3, 5, 40423
What are the prime factors of 387563?
11, 3203
List the prime factors of 8351.
7, 1193
List the prime factors of 193554.
2, 3, 10753
List the prime factors of 1008697.
71, 14207
What are the prime factors of 1842327?
3, 277, 739
What are the prime factors of 2177378?
2, 7, 29, 31, 173
List the prime factors of 30729666.
2, 3, 11, 563, 827
What are the prime factors of 616580?
2, 5, 30829
List the prime factors of 335239.
137, 2447
What are the prime factors of 2519582?
2, 13, 96907
What are the prime factors of 14978151?
3, 193, 8623
What are the prime factors of 312809?
7, 44687
List the prime factors of 21081088.
2, 7, 17, 173
List the prime factors of 543256.
2, 7, 89, 109
List the prime factors of 2794209.
3, 11, 84673
What are the prime factors of 7470436?
